{"id":2324,"date":"2015-11-12T17:43:46","date_gmt":"2015-11-12T17:43:46","guid":{"rendered":"http:\/\/derechopublicoglobal.es\/?page_id=2324"},"modified":"2015-11-12T18:24:55","modified_gmt":"2015-11-12T18:24:55","slug":"observatorio-de-politicas-publicas-en-materia-de-discapacidad-atencion-a-la-diversidad-e-igualdad-de-oportunidades","status":"publish","type":"page","link":"https:\/\/derechopublicoglobal.es\/gl\/observatorio-de-politicas-publicas-en-materia-de-discapacidad-atencion-a-la-diversidad-e-igualdad-de-oportunidades\/","title":{"rendered":"Observatorio de pol\u00edticas p\u00fablicas en materia de discapacidade, atenci\u00f3n \u00e1 diversidade e igualdade de oportunidades"},"content":{"rendered":"<p>O 13 de febreiro de 2014 constitu\u00eduse na Facultade de Dereito de A Coru\u00f1a o\u00a0<em>Seminario Permanente sobre a Diversidade<\/em>, baixo o patrocinio do Consello Social da Universidade da Coru\u00f1a.<\/p>\n<p>As primeras acci\u00f3ns do Seminario dirix\u00edronse para recopilar, sistematizar, analizar e avaliar a normativa universitaria destinada aos estudantes con discapacidade, coa finalidade de facer propostas de reforma, mellora e innovaci\u00f3n no tratamento da diversidade. Disto emana o primeiro resultado do grupo de investigaci\u00f3n: a\u00a0<em>Carta dos dereitos dos estudantes con discapacidade na Universidade<\/em>, presentada no\u00a0<em>II Congreso Internacional sobre Universidade e Discapacidade. Universidades inclusivas, Universidades de Futuro\u201d<\/em>, organizado pola Fundaci\u00f3n ONCE e celebrado en Madrid os d\u00edas 27 e 28 de novembro de 2014. A\u00a0<em>Carta s<\/em>erv\u00edu de atalaia dende a que contemplar a realidade da discapacidade na Universidade. A partir dela, elab\u00f3rase o Informe <em>\u201cCuesti\u00f3ns xur\u00eddico-administrativas en torno \u00e1 inclusi\u00f3n do alumnado universitario con discapacidade e necesidades educativas especiais\u201d<\/em>. Trala an\u00e1lise do marco normativo sobre a discapacidade, con especial referencia ao eido educativo, realizouse un estudo das pol\u00edticas p\u00fablicas sobre a discapacidade impulsadas no \u00e1mbito universitario, co obxectivo primordial de realizar propostas <em>de lege ferenda <\/em>encami\u00f1adas ao efectivo reco\u00f1ecemento e a realizaci\u00f3n dos dereitos das persoas con discapacidade e necesidades educativas especiais na Universidade.<\/p>\n<p>Na\u00a0actualidade, o\u00a0<em>Seminario <\/em>constitu\u00eduse\u00a0en <em>Observatorio de pol\u00edticas p\u00fablicas en materia de discapacidade, atenci\u00f3n \u00e1 diversidade e igualdade de oportunidades (Proxecto CE10)<\/em>. Non \u00e9 un simple troco de nome: os obxectivos sobredimension\u00e1ronse sen necesidade de que os membros do\u00a0<em>Seminario<\/em> pux\u00e9semos especial empe\u00f1o niso. A aspiraci\u00f3n da inclusi\u00f3n como idea forza que nos moveu dende o comezo non se esgota nas persoas con discapacidade. M\u00e1is ben, este colectivo \u00e9 representativo dos \u00e9xitos e fracasos das pol\u00edticas p\u00fablicas inclusivas, pero xunto a el existen outros moitos colectivos en risco de exclusi\u00f3n que merecen asemade atenci\u00f3n. De ah\u00ed que opt\u00e1semos por po\u00f1er o foco de atenci\u00f3n na igualdade de oportunidades, sexa cal sexa\u00a0a causa da desigualdade.<\/p>\n<p>Web do Observatorio:<\/p>\n<p><a href=\"http:\/\/www.ce10udc.com\/\">http:\/\/www.ce10udc.com\/<\/a><\/p>\n<p><a href=\"https:\/\/derechopublicoglobal.es\/wp-content\/uploads\/2015\/11\/logo_proyecto_ce10-.png\"><img loading=\"lazy\" decoding=\"async\" class=\"alignnone size-full wp-image-2330\" src=\"https:\/\/derechopublicoglobal.es\/wp-content\/uploads\/2015\/11\/logo_proyecto_ce10-.png\" alt=\"logo_proyecto_ce10-\" width=\"226\" height=\"150\" srcset=\"https:\/\/derechopublicoglobal.es\/wp-content\/uploads\/2015\/11\/logo_proyecto_ce10-.png 226w, https:\/\/derechopublicoglobal.es\/wp-content\/uploads\/2015\/11\/logo_proyecto_ce10--207x136.png 207w, https:\/\/derechopublicoglobal.es\/wp-content\/uploads\/2015\/11\/logo_proyecto_ce10--140x94.png 140w\" sizes=\"auto, (max-width: 226px) 100vw, 226px\" \/><\/a><\/p>","protected":false},"excerpt":{"rendered":"<p>O 13 de febreiro de 2014 constitu\u00eduse na Facultade de Dereito de A Coru\u00f1a o\u00a0Seminario Permanente sobre a Diversidade, baixo o patrocinio do Consello Social da Universidade da Coru\u00f1a. As primeras acci\u00f3ns do Seminario dirix\u00edronse para recopilar, sistematizar, analizar e avaliar a normativa universitaria destinada aos estudantes con discapacidade, coa finalidade de facer propostas de [&hellip;]<\/p>\n","protected":false},"author":2,"featured_media":2330,"parent":0,"menu_order":0,"comment_status":"open","ping_status":"open","template":"","meta":{"footnotes":""},"class_list":["post-2324","page","type-page","status-publish","has-post-thumbnail","hentry"],"_links":{"self":[{"href":"https:\/\/derechopublicoglobal.es\/gl\/wp-json\/wp\/v2\/pages\/2324","targetHints":{"allow":["GET"]}}],"collection":[{"href":"https:\/\/derechopublicoglobal.es\/gl\/wp-json\/wp\/v2\/pages"}],"about":[{"href":"https:\/\/derechopublicoglobal.es\/gl\/wp-json\/wp\/v2\/types\/page"}],"author":[{"embeddable":true,"href":"https:\/\/derechopublicoglobal.es\/gl\/wp-json\/wp\/v2\/users\/2"}],"replies":[{"embeddable":true,"href":"https:\/\/derechopublicoglobal.es\/gl\/wp-json\/wp\/v2\/comments?post=2324"}],"version-history":[{"count":6,"href":"https:\/\/derechopublicoglobal.es\/gl\/wp-json\/wp\/v2\/pages\/2324\/revisions"}],"predecessor-version":[{"id":2332,"href":"https:\/\/derechopublicoglobal.es\/gl\/wp-json\/wp\/v2\/pages\/2324\/revisions\/2332"}],"wp:featuredmedia":[{"embeddable":true,"href":"https:\/\/derechopublicoglobal.es\/gl\/wp-json\/wp\/v2\/media\/2330"}],"wp:attachment":[{"href":"https:\/\/derechopublicoglobal.es\/gl\/wp-json\/wp\/v2\/media?parent=2324"}],"curies":[{"name":"wp","href":"https:\/\/api.w.org\/{rel}","templated":true}]}}

Observatorio de políticas públicas en materia de discapacidade, atención á diversidade e igualdade de oportunidades

<p>O 13 de febreiro de 2014 constituíuse na Facultade de Dereito de A Coruña o <em>Seminario Permanente sobre a Diversidade</em>, baixo o patrocinio do Consello Social da Universidade da Coruña.</p>
<p>As primeras accións do Seminario dirixíronse para recopilar, sistematizar, analizar e avaliar a normativa universitaria destinada aos estudantes con discapacidade, coa finalidade de facer propostas de reforma, mellora e innovación no tratamento da diversidade. Disto emana o primeiro resultado do grupo de investigación: a <em>Carta dos dereitos dos estudantes con discapacidade na Universidade</em>, presentada no <em>II Congreso Internacional sobre Universidade e Discapacidade. Universidades inclusivas, Universidades de Futuro”</em>, organizado pola Fundación ONCE e celebrado en Madrid os días 27 e 28 de novembro de 2014. A <em>Carta s</em>ervíu de atalaia dende a que contemplar a realidade da discapacidade na Universidade. A partir dela, elabórase o Informe <em>“Cuestións xurídico-administrativas en torno á inclusión do alumnado universitario con discapacidade e necesidades educativas especiais”</em>. Trala análise do marco normativo sobre a discapacidade, con especial referencia ao eido educativo, realizouse un estudo das políticas públicas sobre a discapacidade impulsadas no ámbito universitario, co obxectivo primordial de realizar propostas <em>de lege ferenda </em>encamiñadas ao efectivo recoñecemento e a realización dos dereitos das persoas con discapacidade e necesidades educativas especiais na Universidade.</p>
<p>Na actualidade, o <em>Seminario </em>constituíuse en <em>Observatorio de políticas públicas en materia de discapacidade, atención á diversidade e igualdade de oportunidades (Proxecto CE10)</em>. Non é un simple troco de nome: os obxectivos sobredimensionáronse sen necesidade de que os membros do <em>Seminario</em> puxésemos especial empeño niso. A aspiración da inclusión como idea forza que nos moveu dende o comezo non se esgota nas persoas con discapacidade. Máis ben, este colectivo é representativo dos éxitos e fracasos das políticas públicas inclusivas, pero xunto a el existen outros moitos colectivos en risco de exclusión que merecen asemade atención. De ahí que optásemos por poñer o foco de atención na igualdade de oportunidades, sexa cal sexa a causa da desigualdade.</p>
<p>Web do Observatorio:</p>
<p><a href="http://www.ce10udc.com/">http://www.ce10udc.com/</a></p>
<p><a href="https://derechopublicoglobal.es/wp-content/uploads/2015/11/logo_proyecto_ce10-.png"><img loading="lazy" decoding="async" class="alignnone size-full wp-image-2330" src="https://derechopublicoglobal.es/wp-content/uploads/2015/11/logo_proyecto_ce10-.png" alt="logo_proyecto_ce10-" width="226" height="150" srcset="https://derechopublicoglobal.es/wp-content/uploads/2015/11/logo_proyecto_ce10-.png 226w, https://derechopublicoglobal.es/wp-content/uploads/2015/11/logo_proyecto_ce10--207x136.png 207w, https://derechopublicoglobal.es/wp-content/uploads/2015/11/logo_proyecto_ce10--140x94.png 140w" sizes="auto, (max-width: 226px) 100vw, 226px" /></a></p>

<p>O 13 de febreiro de 2014 constituíuse na Facultade de Dereito de A Coruña o Seminario Permanente sobre a Diversidade, baixo o patrocinio do Consello Social da Universidade da Coruña. As primeras accións do Seminario dirixíronse para recopilar, sistematizar, analizar e avaliar a normativa universitaria destinada aos estudantes con discapacidade, coa finalidade de facer propostas de [&hellip;]</p>
