{"id":197,"date":"2013-07-24T12:42:31","date_gmt":"2013-07-24T12:42:31","guid":{"rendered":"http:\/\/derechopublicoglobal.es\/?page_id=197"},"modified":"2015-10-22T10:18:25","modified_gmt":"2015-10-22T10:18:25","slug":"seminario-permanente-de-derecho-administrativo","status":"publish","type":"page","link":"https:\/\/derechopublicoglobal.es\/en\/seminario-permanente-de-derecho-administrativo\/","title":{"rendered":"Seminario permanente de Derecho Administrativo"},"content":{"rendered":"<p>El a\u00f1o 2010 el Grupo de Investigaci\u00f3n constituy\u00f3 el Seminario Permanente de Derecho Administrativo.<\/p>\n<p>El objetivo de dicha iniciativa es contar con la presencia de profesores e investigadores que est\u00e9n trabajando en temas de investigaci\u00f3n del Grupo, con la finalidad de intercambiar conocimientos y reforzar l\u00edneas de colaboraci\u00f3n con otros profesores y grupos de investigaci\u00f3n. Asimismo, tambi\u00e9n pretende establecer una v\u00eda de comunicaci\u00f3n y debate entre los profesores e investigadores universitarios y los profesionales del mundo jur\u00eddico.<\/p>\n<p>El Seminario se desarrolla a lo largo del a\u00f1o en sesiones monogr\u00e1ficas que se celebran peri\u00f3dicamente de acuerdo con las necesidades e intereses del Grupo. En cada sesi\u00f3n hay un tiempo destinado a la intervenci\u00f3n del ponente o ponentes invitados y un tiempo amplio de debate con los participantes. Adem\u00e1s, se prev\u00e9 la posibilidad de presentar comunicaciones por parte de los miembros del Seminario.<\/p>\n<p>El acceso al seminario est\u00e1 restringido a profesores e investigadores universitarios de Derecho administrativo, profesionales del derecho y alumnos de postgrado y doctorado de la Universidad de A Coru\u00f1a. Las personas que deseen ser miembros del Seminario y asistir a sus sesiones deber\u00e1n remitir un correo electr\u00f3nico al coordinador de la actividad, el profesor Jos\u00e9 Pernas Garc\u00eda ( jpernasg@udc.es).<br \/>\n<div class='et-learn-more clearfix'>\n\t\t\t\t\t<h3 class='heading-more'>Sesiones del Seminario celebradas hasta este momento:<span class='et_learnmore_arrow'><span><\/span><\/span><\/h3>\n\t\t\t\t\t<div class='learn-more-content'><p><strong>1. &#8220;Los condicionantes ambientales de las energ\u00edas renovables: el ejemplo de la energ\u00eda e\u00f3lica y su regulaci\u00f3n en el Derecho espa\u00f1ol&#8221;<\/strong> (25 de junio de 2010). Manuela Mora Ruiz, Profesora Titular de Derecho Administrativo Universidad de Huelva.<\/p>\n<p><strong>2. <a title=\"El nuevo r\u00e9gimen jur\u00eddico de los contratos p\u00fablicos en Portugal\" href=\"https:\/\/derechopublicoglobal.es\/wp-content\/uploads\/2013\/08\/Sesion2.pdf\" target=\"_blank\">&#8220;El nuevo r\u00e9gimen jur\u00eddico de los contratos p\u00fablicos en Portugal&#8221; <\/a><\/strong>(25 de enero de 2010). Claudia Viana, Profesora de Derecho Administrativo Universidade de Minho, Portugal.<\/p>\n<p><strong>3. Mercado interior, libertades econ\u00f3micas y medio ambiente<\/strong> (26 de noviembre de 2010). Nicolas De Sadeleer, Profesor de la Universidad de Saint-Louis de Bruselas.<\/p>\n<p><strong> 4. &#8220;Contrataci\u00f3n p\u00fablica y crisis econ\u00f3mica&#8221;<\/strong> (27 de enero de 2010). Jos\u00e9 Mar\u00eda Gimeno Feliu, Catedr\u00e1tico de Derecho Administrativo Universidad de Zaragoza.<\/p>\n<p><strong>5. El nuevo Plan de Ordenaci\u00f3n del Litoral de Galicia<\/strong> (5 de mayo de 2012). Representante de la Xunta de Galicia.<\/p>\n<p><strong>6. &#8220;Inexecusi\u00f3n de sentenzas contencioso-administrativas en materia de urbanismo&#8221;<\/strong> (12 de abril de 2011). Jos\u00e9 Ram\u00f3n Chaves Garc\u00eda, Magistrado da Sala 1\u00aa do Contencioso-administrativo do Tribunal Superior de Justicia de Galicia.<\/p>\n<p><strong>7. &#8220;Consideraciones ambientais e urban\u00edsticas sobre o r\u00e9xime xur\u00eddico dos solos contaminados&#8221;<\/strong> (12 de mayo de 2011). Aitana De la Varga, Profesora de Derecho Administrativo Universidad Rovira i Virgili.<\/p>\n<p><strong>8. &#8220;Contrataci\u00f3n p\u00fablica internacional&#8221;<\/strong> (17 de octubre de 2011). Jos\u00e9 Antonio Moreno Molina, Catedr\u00e1tico de Derecho Administrativo Universidad de Castilla-La Mancha.<\/p>\n<p><strong>9. &#8220;Colaboraci\u00f3n p\u00fablico-privada&#8221;<\/strong> (24 de febrero de 2012). Julio Gonz\u00e1lez Garc\u00eda, Catedr\u00e1tico de Derecho Administrativo Universidad Complutense de Madrid.<\/p>\n<p><strong> 10. &#8220;Estado Laico&#8221;<\/strong> (17 de abril de 2012). Germ\u00e1n Cisneros, Profesor de Derecho Administrativo Universidad de Nuevo Le\u00f3n, M\u00e9xico.<\/p>\n<p><strong>11. &#8220;El papel del TJUE en materia de medio ambiente&#8221;<\/strong> (21 de enero de 2013). Kurt Riechenberg, Letrado del Tribunal Superior de Justicia de la Uni\u00f3n Europea.<\/p>\n<p><strong>12. &#8220;Responsabilidad patrimonial de la Administraci\u00f3n&#8221;<\/strong> (21 de enero de 2013). Oscar Cuadros, Profesor de Derecho Administrativo Universidad Nacional de Cuyo, Argentina.<\/p>\n<p><strong>13. &#8220;Cuestiones actuales del Derecho Administrativo&#8221;<\/strong> (4 de marzo de 2013). Jos\u00e9 Antonio Moreno Molina, Catedr\u00e1tico de Derecho Administrativo, Universidad de Castilla-La Mancha; \u00cd\u00f1igo Del Guayo, Catedr\u00e1tico de Derecho Aministrativo, Universidad de Almer\u00eda; Mar\u00eda Jes\u00fas Gallardo, Catedr\u00e1tica de Derecho Administrativo, Universidad de Ja\u00e9n.<\/p>\n<p><strong>14. &#8220;Mercado interior, libre competencia y medio ambiente&#8221;<\/strong> (11 de abril de 2013). Carlos Laguna de Paz, Catedr\u00e1tico de Derecho Administrativo, Universidad de Valladolid.<\/p><\/div>\n\t\t\t\t<\/div><\/p>\n<p>Para obtener informaci\u00f3n sobre la pr\u00f3xima sesi\u00f3n, <a href=\"https:\/\/derechopublicoglobal.es\/category\/seminario-permanente\/\">pulse aqu\u00ed<\/a>.<\/p>","protected":false},"excerpt":{"rendered":"<p>El a\u00f1o 2010 el Grupo de Investigaci\u00f3n constituy\u00f3 el Seminario Permanente de Derecho Administrativo. El objetivo de dicha iniciativa es contar con la presencia de profesores e investigadores que est\u00e9n trabajando en temas de investigaci\u00f3n del Grupo, con la finalidad de intercambiar conocimientos y reforzar l\u00edneas de colaboraci\u00f3n con otros profesores y grupos de investigaci\u00f3n. [&hellip;]<\/p>\n","protected":false},"author":2,"featured_media":0,"parent":0,"menu_order":0,"comment_status":"open","ping_status":"open","template":"page-full.php","meta":{"footnotes":""},"class_list":["post-197","page","type-page","status-publish","hentry"],"_links":{"self":[{"href":"https:\/\/derechopublicoglobal.es\/en\/wp-json\/wp\/v2\/pages\/197","targetHints":{"allow":["GET"]}}],"collection":[{"href":"https:\/\/derechopublicoglobal.es\/en\/wp-json\/wp\/v2\/pages"}],"about":[{"href":"https:\/\/derechopublicoglobal.es\/en\/wp-json\/wp\/v2\/types\/page"}],"author":[{"embeddable":true,"href":"https:\/\/derechopublicoglobal.es\/en\/wp-json\/wp\/v2\/users\/2"}],"replies":[{"embeddable":true,"href":"https:\/\/derechopublicoglobal.es\/en\/wp-json\/wp\/v2\/comments?post=197"}],"version-history":[{"count":29,"href":"https:\/\/derechopublicoglobal.es\/en\/wp-json\/wp\/v2\/pages\/197\/revisions"}],"predecessor-version":[{"id":2262,"href":"https:\/\/derechopublicoglobal.es\/en\/wp-json\/wp\/v2\/pages\/197\/revisions\/2262"}],"wp:attachment":[{"href":"https:\/\/derechopublicoglobal.es\/en\/wp-json\/wp\/v2\/media?parent=197"}],"curies":[{"name":"wp","href":"https:\/\/api.w.org\/{rel}","templated":true}]}}

<p>El año 2010 el Grupo de Investigación constituyó el Seminario Permanente de Derecho Administrativo.</p>
<p>El objetivo de dicha iniciativa es contar con la presencia de profesores e investigadores que estén trabajando en temas de investigación del Grupo, con la finalidad de intercambiar conocimientos y reforzar líneas de colaboración con otros profesores y grupos de investigación. Asimismo, también pretende establecer una vía de comunicación y debate entre los profesores e investigadores universitarios y los profesionales del mundo jurídico.</p>
<p>El Seminario se desarrolla a lo largo del año en sesiones monográficas que se celebran periódicamente de acuerdo con las necesidades e intereses del Grupo. En cada sesión hay un tiempo destinado a la intervención del ponente o ponentes invitados y un tiempo amplio de debate con los participantes. Además, se prevé la posibilidad de presentar comunicaciones por parte de los miembros del Seminario.</p>
<p>El acceso al seminario está restringido a profesores e investigadores universitarios de Derecho administrativo, profesionales del derecho y alumnos de postgrado y doctorado de la Universidad de A Coruña. Las personas que deseen ser miembros del Seminario y asistir a sus sesiones deberán remitir un correo electrónico al coordinador de la actividad, el profesor José Pernas García ( jpernasg@udc.es).<br />
<div class='et-learn-more clearfix'>
					<h3 class='heading-more'>Sesiones del Seminario celebradas hasta este momento:<span class='et_learnmore_arrow'><span></span></span></h3>
					<div class='learn-more-content'><p><strong>1. &#8220;Los condicionantes ambientales de las energías renovables: el ejemplo de la energía eólica y su regulación en el Derecho español&#8221;</strong> (25 de junio de 2010). Manuela Mora Ruiz, Profesora Titular de Derecho Administrativo Universidad de Huelva.</p>
<p><strong>2. <a title="El nuevo régimen jurídico de los contratos públicos en Portugal" href="https://derechopublicoglobal.es/wp-content/uploads/2013/08/Sesion2.pdf" target="_blank">&#8220;El nuevo régimen jurídico de los contratos públicos en Portugal&#8221; </a></strong>(25 de enero de 2010). Claudia Viana, Profesora de Derecho Administrativo Universidade de Minho, Portugal.</p>
<p><strong>3. Mercado interior, libertades económicas y medio ambiente</strong> (26 de noviembre de 2010). Nicolas De Sadeleer, Profesor de la Universidad de Saint-Louis de Bruselas.</p>
<p><strong> 4. &#8220;Contratación pública y crisis económica&#8221;</strong> (27 de enero de 2010). José María Gimeno Feliu, Catedrático de Derecho Administrativo Universidad de Zaragoza.</p>
<p><strong>5. El nuevo Plan de Ordenación del Litoral de Galicia</strong> (5 de mayo de 2012). Representante de la Xunta de Galicia.</p>
<p><strong>6. &#8220;Inexecusión de sentenzas contencioso-administrativas en materia de urbanismo&#8221;</strong> (12 de abril de 2011). José Ramón Chaves García, Magistrado da Sala 1ª do Contencioso-administrativo do Tribunal Superior de Justicia de Galicia.</p>
<p><strong>7. &#8220;Consideraciones ambientais e urbanísticas sobre o réxime xurídico dos solos contaminados&#8221;</strong> (12 de mayo de 2011). Aitana De la Varga, Profesora de Derecho Administrativo Universidad Rovira i Virgili.</p>
<p><strong>8. &#8220;Contratación pública internacional&#8221;</strong> (17 de octubre de 2011). José Antonio Moreno Molina, Catedrático de Derecho Administrativo Universidad de Castilla-La Mancha.</p>
<p><strong>9. &#8220;Colaboración público-privada&#8221;</strong> (24 de febrero de 2012). Julio González García, Catedrático de Derecho Administrativo Universidad Complutense de Madrid.</p>
<p><strong> 10. &#8220;Estado Laico&#8221;</strong> (17 de abril de 2012). Germán Cisneros, Profesor de Derecho Administrativo Universidad de Nuevo León, México.</p>
<p><strong>11. &#8220;El papel del TJUE en materia de medio ambiente&#8221;</strong> (21 de enero de 2013). Kurt Riechenberg, Letrado del Tribunal Superior de Justicia de la Unión Europea.</p>
<p><strong>12. &#8220;Responsabilidad patrimonial de la Administración&#8221;</strong> (21 de enero de 2013). Oscar Cuadros, Profesor de Derecho Administrativo Universidad Nacional de Cuyo, Argentina.</p>
<p><strong>13. &#8220;Cuestiones actuales del Derecho Administrativo&#8221;</strong> (4 de marzo de 2013). José Antonio Moreno Molina, Catedrático de Derecho Administrativo, Universidad de Castilla-La Mancha; Íñigo Del Guayo, Catedrático de Derecho Aministrativo, Universidad de Almería; María Jesús Gallardo, Catedrática de Derecho Administrativo, Universidad de Jaén.</p>
<p><strong>14. &#8220;Mercado interior, libre competencia y medio ambiente&#8221;</strong> (11 de abril de 2013). Carlos Laguna de Paz, Catedrático de Derecho Administrativo, Universidad de Valladolid.</p></div>
				</div></p>
<p>Para obtener información sobre la próxima sesión, <a href="https://derechopublicoglobal.es/category/seminario-permanente/">pulse aquí</a>.</p>

<p>El año 2010 el Grupo de Investigación constituyó el Seminario Permanente de Derecho Administrativo. El objetivo de dicha iniciativa es contar con la presencia de profesores e investigadores que estén trabajando en temas de investigación del Grupo, con la finalidad de intercambiar conocimientos y reforzar líneas de colaboración con otros profesores y grupos de investigación. [&hellip;]</p>
